*b - 8. Suppose 3*t - 33 = 3*p, -t + 2*p - 1 = 7*p. Let l be w(t). Let k(i) = -i**2 - i + 1. Calculate k(l).
-1
Suppose 5*x - 30 = 4*n, x = 4*n + 4 + 2. Let s(v) = -v + 2. Determine s(x).
-4
Let w(b) = 7*b + 4. Let m(o) = -o**2 + o + 1. Let p(k) = 2*m(k) - w(k). Let f be p(-3). Let l(r) = -r - 1. Determine l(f).
4
Suppose q - 6*q = -10. Let m(u) = 3*u**q + 3*u - 2*u + 3*u + 2. What is m(-2)?
6
Let b(o) be the second derivative of 1/6*o**3 + 0*o**2 - o + 4/3*o**4 + 0. What is b(-1)?
15
Let a(f) be the first derivative of f**3/3 + 5*f**2/2 + 3*f + 1. Let t(c) = -6*c. Let d be t(-2). Suppose 3*p + d = -3. What is a(p)?
3
Let x(w) = 2*w - 31. Let m be x(15). Let s(a) = -10*a**3 + 2*a + 1. Give s(m).
9
Let b(d) = -d**2 + d - 1. Let r(c) = -2*c**2 - 2. Let i(p) = 3*b(p) - 2*r(p). Suppose -5*v - 5 = 5. Determine i(v).
-1
Let p = -16 + 10. Let c = p + 8. Let h(l) = -6*l**c - 1 + 0 + 4*l - 2 + 3*l**2. Give h(2).
-7
Let y(v) = v**2 - 8*v + 11. Let z be y(4). Let w(n) = -n - 3. Give w(z).
2
Suppose -3*z = -5*z. Suppose -m - 2*m + 3 = z. Let s(x) = -6*x + 1. Determine s(m).
-5
Let g(m) = 4*m - 6. Let h(a) = 6*a - 5*a - 3*a + 3. Let p(z) = 2*g(z) + 5*h(z). Calculate p(2).
-1
Let v(z) = -3*z + 3. Let l = 22 - 12. Suppose 2*g = -2*h + 12, l*h = 2*g + 5*h + 2. Calculate v(g).
-9
Let g(x) = 2*x. Let m(h) = 4*h - 1 - 3*h + 2*h - h. Let r(t) = -4*g(t) + 3*m(t). Give r(-5).
7
Let a(f) = f**3 - 3*f**2 - 12*f - 1. Let l(w) = -w - 1. Let b(c) = a(c) - 4*l(c). Give b(5).
13
Let u(a) = -a - 6. Let y(c) = 1. Suppose -2*n + 4*n = -2. Suppose -5*j + 5*x - 5 = 0, -j = -4*j + x - 13. Let v(p) = j*y(p) + n*u(p). What is v(-4)?
-4
Suppose -4*q - 2*h = h - 20, -2*q + 20 = 4*h. Let c(x) = 7*x - 3. What is c(q)?
11
Suppose -3*g - 1 = -10. Suppose 5*i - 10 = 2*k + 2*k, g*k = 0. Let d(h) be the first derivative of h**4/4 - 4*h**3/3 + 3*h**2/2 + 1. What is d(i)?
-2
Let h(p) = 6*p + 0*p - 2*p - 8 - 5*p. Calculate h(0).
-8
Let x(v) = 2 - 10*v**2 - 3*v - 1 + 2*v + 19*v**2. Give x(1).
9
Let p(t) = -t**2 - 3*t + 3. Let r = -38 - -17. Let g be 7*(-2 - 48/r). Suppose 4*v - g*v - 13 = 5*z, 7 = -z - 4*v. Determine p(z).
3
Let a(q) = q**2 + 4*q. Let f(v) be the second derivative of v**3/6 + 3*v**2 - 4*v. Let b be f(-9). Let l be a(b). Let g(p) = p - 4. Give g(l).
-7
Let g(v) = -3*v - 1. Let m(t) = 6*t + 3. Let y(a) = 5*g(a) + 2*m(a). Let d(q) = -4*q. Let z(u) = 2*d(u) - 3*y(u). Determine z(0).
-3
Let r(l) be the first derivative of 3*l**2 - 4*l + 6. Let g be -1*-5*2/2. Let y(i) = 5*i - 4. Let d(k) = g*y(k) - 4*r(k). What is d(0)?
-4
Let y = -7 + 9. Let f = -7 + y. Let d(i) = -i**3 - 4*i**2 + 5*i + 1. Determine d(f).
1
Let a be (1/(-2))/((-6)/24). Suppose 0 = a*j + 4*i - 5*i - 7, -2*j + 10 = -2*i. Let h(d) = -j - 2*d + 7*d - d**2 - 4. Calculate h(5).
-6
Let l(j) = 2*j - 2*j**2 + 0*j + 2*j + 2 - 7*j. Calculate l(-3).
-7
Let x(c) = -5*c**2 - 17*c - 9. Let w(t) = -6*t + 2*t**2 + 6*t + 3 + 6*t. Let q(l) = -8*w(l) - 3*x(l). What is q(5)?
-7
Suppose 3*n - 10 = 8*n. Let l = 1 - -4. Let w(p) = 6*p**3 - p - 5. Let x(r) = 7*r**3 - r - 6. Let m(v) = l*x(v) - 6*w(v). Give m(n).
6
Suppose 5*y = 4*y. Let x = y + -2. Let p(n) = -n**2. Determine p(x).
-4
Let t(m) be the first derivative of -m**4/4 + 5*m**3/3 + 5*m**2/2 + 6*m + 17. Determine t(6).
0
Let n(z) = -5*z - 1. Let s(i) = -i - 1. Let c(l) = -n(l) + 4*s(l). Suppose 3*b + 4 = 4*b. Let m = -1 + b. Give c(m).
0
Suppose 17 = 2*i + 5. Let n = i + -4. Let g(l) = -5 + n*l**2 - l**3 + 3*l + 3 + 0*l**3. Give g(2).
4
Let h = -52 + 56. Let s(b) = -3*b + 5. What is s(h)?
-7
Let t(d) be the third derivative of -d**5/60 - 5*d**4/24 + 2*d**3/3 + 7*d**2. Determine t(-5).
4
Suppose -11 = -3*s - 2. Let h(u) be the first derivative of u**4/4 - u**3 + u**2 + 4*u - 179. Calculate h(s).
10
Let s(t) = -2*t - 10. Let v(f) = f + 4. Let m(d) = -5*s(d) - 12*v(d). What is m(-3)?
8
Let v(q) = -q**2 + 8*q - 8. Suppose 0*u - u = 0. Suppose 5*d - 20 - 10 = u. What is v(d)?
4
Let f(v) be the third derivative of 0 + 5*v**2 + 0*v + 1/24*v**4 + 7/6*v**3. Let j(l) = -l. Let d be j(5). Calculate f(d).
2
Let k(r) = -1 + 4 - 2*r - 1 + 6. What is k(6)?
-4
Let k(y) = 2*y + 5. Suppose 3*c - c = -10. Let g(d) = -d - 4. Let p(m) = c*g(m) - 4*k(m). Determine p(1).
-3
Let v(r) = r**3 + 7*r**2 - 9*r - 6. Let t be v(-8). Let l = 4 - t. Let x(o) = -o**2 + 5 - 3 - 3 + 3*o**l. Give x(-1).
1
Let f(t) = t**3 + 7*t**2 + 5*t - 3. Let o = 12 - 18. Determine f(o).
3
Let z(w) = 3*w - w**3 - 2*w + 5*w**2 + w - 7. Let l = 1 + 1. Let t be (-15)/(-5) - (-4)/l. Give z(t).
3
Let h(t) = 39*t + 14. Let p(m) = 13*m + 5. Let w(r) = -4*h(r) + 11*p(r). Let z = 6 + -7. Determine w(z).
12
Let y(k) be the third derivative of k**5/12 + k**4/12 - k**3/6 - 2*k**2. Let w be -2*(6/(-4) + 1). Determine y(w).
6
Suppose -5*p + 16 = 1. Suppose -1 - 10 = v - p*w, 0 = -w + 5. Let l(c) = 2*c - v*c + 1 - c. Give l(2).
-5
Let h(w) = 2*w**3 - w**2 - 2*w - 1. Let p be h(2). Let k(i) = -i + 6. Determine k(p).
-1
Let r be 2/12 + 62/(-12). Let z(h) = -h - 1. Let w(g) = 5. Let v(c) = w(c) - 2*z(c). Give v(r).
-3
Suppose h + 13 = 5*f, -2 = 5*h + 13. Let l(b) be the first derivative of -b**3/3 + b**2 - 1. Determine l(f).
0
Suppose 4*z + 0*t - t = -6, -8 = -4*t. Let j be ((-9)/(-3))/(0 - z). Let a(q) = 3*q + 7 - 2*q - 12 - q**j. Determine a(0).
-5
Let q be (4/(12/9))/(-1). Suppose 0 = -5*g + 3*g + 4. Let m(n) = -4*n - 3*n + 4*n - g. Give m(q).
7
Let h(y) be the third derivative of -y**6/120 + y**5/15 + y**2. Suppose 26 = 4*u + 14. Determine h(u).
9
Let o be (-3)/(15/(-2)) + 35/(-25). Let z(j) = 10*j**3 + j**2 + j + 1. Calculate z(o).
-9
Let o(j) be the first derivative of 0*j - 2 + 1/24*j**4 - 1/2*j**2 + 1/2*j**3 - 1/60*j**5. Let z(h) be the second derivative of o(h). What is z(0)?
3
Let h(r) = r + 2. Suppose -1 = -2*p + 9. Let o be 9/6*(5 - (0 - -3)). Suppose -c - d = 4, -2*c + p*d + 12 = -o*c. What is h(c)?
0
Let b be 1064/49 - (-2)/7. Suppose k + u = -2 - 3, 2*u = -4*k - b. Let g(x) = x + 5. Determine g(k).
-1
Let x(u) = -7 + 0*u - 5*u + 2*u - u**2 + 0*u. Let a(v) = -5*v**2 - 12*v - 28. Let r(k) = 2*a(k) - 9*x(k). Give r(5).
-3
Let q(s) be the first derivative of -s**3/3 + 7*s**2 - 13*s - 21. Give q(13).
0
Let d(y) be the second derivative of y**3/6 - 3*y**2 + y + 24. Determine d(11).
5
Let n(j) = 3*j**3 - 18*j**2 - 16*j - 14. Let h(r) = 2*r**3 - 9*r**2 - 8*r - 7. Let i = 23 + -20. Let w(s) = i*n(s) - 5*h(s). Give w(-8).
-7
Suppose -20 = 3*j + j. Let m(b) = 56 + 51 - 101 + b. Determine m(j).
1
Let i(m) = -13*m**2 + 13*m + 31. Let f = 18 - 11. Let r(o) = 4*o**2 - f*o + 3*o**2 - 7 - 9. Let t(v) = -6*i(v) - 11*r(v). What is t(0)?
-10
Let t(x) = -3*x**3 + 3*x**2 - 2*x - 1. Let m be -2*(3 + -2)*-1. Give t(m).
-17
Let i(a) be the first derivative of -a - 1 + 1/2*a**2. Suppose 2 = -2*j + j. Give i(j).
-3
Let a = 12 + -7. Let r(b) = -2*b**2 - 5*b + 4. Let l(s) = -s**2 - 1. Let j(f) = 3*l(f) - r(f). Calculate j(a).
-7
Let o(n) = -n**2 + 3*n + 5. Let t be o(4). Let j = 2 - t. Let h(l) = -l + j - l - l + 5*l. What is h(-1)?
-1
Suppose 0*o = 2*o. Let g(x) = 2*x + o*x**2 - x + x**3 - 1 + x**3 - 3*x**2. Let b(r) = r**2 - 6*r - 5. Let f be b(7). Give g(f).
5
Let m = 67 - 39. Suppose 4*h + 4*f - m = 0, -7*f + 2*f = -4*h + 10. Let c(v) = -v**2 + 7*v - 2. Calculate c(h).
8
Let k(j) = j + 4. Suppose -15 = -5*r - l, r + r = -5*l + 6. Give k(r).
7
Let o(b) = 3*b - 7*b - 2*b + 5*b. What is o(-2)?
2
Let k(o) be the third derivative of o**5/60 + o**4/8 - o**3/2 + 156*o**2. Suppose -2 = 2*q, -h + 2*q = -2*q. What is k(h)?
1
Let d(b) = b**3 + 3*b**2 - 5*b - 4. Let j be d(-4). Let u = 5 + j. Let y(s) = 2*s - 5. What is y(u)?
5
Let t be (-24)/(-18)*(-6)/(-4). Suppose -30 = q - 5*q + h, 4*q = 2*h + 32. Let i(z) = 1 - q - 2*z - z**t + 7*z. Give i(5).
-6
Let w = 43 + 11. Let o be 204/w + 4/18. Let y(t) = 3*t - 4. Calculate y(o).
8
Let j(f) be the first derivative of -f**3/3 + 2*f - 34. Let c(u) be the third derivative of u**5/30 + u**4/8 + u**3/6 - u**2. Let n be c(-2). Give j(n).
-7
Let a(g) = -1 + 7*g**2 + 2 + 4*g**3 + 7*g - 3*g**3. Give a(-6).
-5
Suppose -4*o + 5 + 3 = 4*g, -22 = 4*o - 2*g. Let k(p) = p**3 - p + p**2 + 2*p**2 - 2*p. Calculate k(o).
9
Let w(o) be the second derivative of -o**5/10 - o**4/12 + o**3/3 + o**2/2 + 46*o. What is w(2)?
-15
Let c(l) = -l - 